g and 5.
1
Let r = -20 - -33. Let s(k) = -4*k + 8. Let m(o) = -3*o + 8. Let l(z) = -2*m(z) + 3*s(z). Let a be l(-3). Calculate the greatest common factor of r and a.
13
Let q = 724 + -84. Calculate the highest common divisor of q and 120.
40
Suppose 44 = 3*p + 4*g + 8, -g = -4*p + 48. Let l(r) = -12*r. Let q be l(-3). What is the greatest common factor of q and p?
12
Suppose -5*a + 4*o - 311 = 0, -a + 2*o + o = 60. Let v = a - -68. Suppose -220 = -2*r - 2*r. Calculate the greatest common factor of r and v.
5
Suppose -4*n + 2240 = -1632. Calculate the greatest common factor of 44 and n.
44
Let h = 4 - -5. Let z = h + -5. Suppose -2*l = -z*m - 28, l = 6*l + m - 81. What is the greatest common divisor of 128 and l?
16
Let k(z) = 2*z**3 - z**2 - 5*z + 2. Let c be k(2). Suppose -59 = -2*u - c*g + 41, -2*u = -4*g - 60. Calculate the greatest common divisor of 360 and u.
40
Let h(q) = 2*q**3 + q**2 + q. Let a be h(2). Suppose -52 = 3*o - 61. Suppose -o*g + 72 = 2*t, g = 4*t - 181 + 51. What is the greatest common factor of a and t?
11
Suppose -v + 5 = -0. Let r be (-11 + 19)*(-13)/(-4). Suppose 21*y + 100 = r*y. Calculate the greatest common divisor of y and v.
5
Let r be (-42)/8*(-128)/6. Let a = r - 74. Let d = 271 - 176. Calculate the highest common factor of a and d.
19
Let x be (-11 + 3)*30/8. Let j = x - -64. What is the greatest common divisor of j and 170?
34
Suppose -3*p - 9 + 48 = 0. Let z = p - 7. Let j be (-7 - -3)/(4/(-42)). What is the highest common divisor of z and j?
6
Let z(v) = -104*v + 1036. Let f be z(9). What is the greatest common divisor of 12 and f?
4
Suppose -4*r = 3*c - 154, 5*r + c - 78 = 3*r. Suppose 160 = -136*h + 137*h. Calculate the greatest common divisor of h and r.
40
Let v = -3 - 4. Let s = -3 - v. Let d = -221 - -253. What is the greatest common factor of s and d?
4
Suppose -10 = 5*x - 0*x. Let n(v) = -69*v + 6. Let m be n(x). What is the highest common divisor of m and 36?
36
Let l = -10 + 11. Suppose 0 = r + 2*h - 2, 2*h + 1 + l = r. Let b(p) = p + 9. Let s be b(-4). What is the greatest common divisor of s and r?
1
Let c(r) = 45*r - 99. Let j be c(6). Suppose -2*i = -20 - 18. What is the greatest common divisor of j and i?
19
Suppose 80 - 692 = -18*h. What is the highest common divisor of h and 578?
34
Suppose -2*r = 3*r - 10. Suppose r*z = 4*q + 10, -z - 3*z = -20. Suppose a - 17 + 6 = q. What is the highest common divisor of a and 11?
11
Suppose -2*x = -3*d + 342, -4*x - 358 = -4*d + 94. Suppose -d*c = -111*c - 30. What is the greatest common factor of 6 and c?
6
Let j(d) be the second derivative of d**4/12 + d**3 + 27*d**2/2 - 12*d. Let o be j(-6). What is the highest common factor of 81 and o?
27
Let l be (9 + -12)/(6/(-2)). Let z = 4 + l. Calculate the greatest common factor of 5 and z.
5
Let o be (-3)/(-5 - -2)*23. Let x be 2614/14 + (-8)/(-28). Let j be (2 + -1 - 4) + x. Calculate the highest common factor of o and j.
23
Let a = -317 + 541. Calculate the greatest common divisor of 128 and a.
32
Let j(w) = -w + 11. Let n be j(9). Suppose -3*z + 13 = 5*p, -n*z - 2*p + 6 = 2*p. Calculate the highest common factor of 33 and z.
11
Let q(g) = -2*g - 2. Let r be q(-3). Suppose -9*k + 41 - 5 = 0. Suppose 4*f - r*n - 126 = 38, k*n = 2*f - 84. What is the highest common factor of f and 10?
10
Let m be (5/((-10)/4))/1. Let g be m/(-7) - (-52)/14. Suppose -r - 3*y + 0*y + 34 = 0, -2*r = -y - 54. What is the highest common divisor of g and r?
4
Suppose 18*v = 30*v - 360. What is the highest common factor of 50 and v?
10
Let m = 47 + -47. Let c(j) = j**2 + 3*j + 66. Let x be c(m). What is the highest common divisor of 11 and x?
11
Let a(u) be the first derivative of -7*u**4/4 - u**3/3 - u**2 - u + 11. Let k be a(-1). Calculate the greatest common divisor of k and 77.
7
Suppose -7*v + 10*v = -3798. Let b be (18/(-14) - -1) + v/(-21). Suppose 4*g = -0*g + 160. Calculate the highest common divisor of g and b.
20
Let k = -151 - -263. What is the highest common factor of 14 and k?
14
Suppose 55*n = 47*n + 272. Calculate the highest common divisor of n and 136.
34
Let s(t) = -t**3 - 12*t**2 + 20*t + 20. Let m be s(-15). Let x = -569 + m. Let k = -69 - x. What is the highest common divisor of k and 21?
21
Let t = 48 + -56. Let s be t/6*(-246)/4. What is the greatest common factor of 41 and s?
41
Let r = 851 + 1207. Calculate the highest common factor of r and 42.
42
Let f be ((-7)/(-5) - 1) + 356844/1965. Calculate the greatest common factor of f and 637.
91
Suppose -3*s + 29 = -2*s - 4*g, -4*s = -4*g - 56. Suppose 20 - 15 = 5*l. Calculate the highest common divisor of l and s.
1
Let f be 6*(-3)/(-12)*22. Suppose -31 = -2*g - b, g - 6 = b + 2. Suppose -18*i = -g*i - 55. What is the greatest common divisor of i and f?
11
Let f(v) = v**3 + 4*v**2 - 5*v - 3. Let c = -28 + 15. Let r = c - -10. Let z be f(r). What is the highest common divisor of z and 14?
7
Suppose 3*c + 4*s = 200 + 146, -236 = -2*c - 4*s. Calculate the highest common divisor of 198 and c.
22
Let d be 34/136*376/2. What is the greatest common divisor of d and 235?
47
Let n(f) = -f**2 + 13*f - 35. Let o be n(8). Let w = 111 - 66. Calculate the highest common divisor of w and o.
5
Let i(x) = -2*x**2 + 18*x - 4. Let d be i(7). Calculate the greatest common factor of d and 48.
24
Suppose -560 = 5*x + 90. Let c be (-6)/24 + x/(-8). What is the highest common factor of 64 and c?
16
Let p be (-568)/(-32) + 33/(-44). Calculate the greatest common divisor of p and 816.
17
Suppose 2*l - 12 = 2*u, 5*l - 4*u + 2*u = 33. Let x(r) = r + 15. Let c be x(l). Calculate the greatest common factor of 88 and c.
22
Suppose 9*b + 9*b = 25272. What is the greatest common factor of 108 and b?
108
Suppose 9*k - 13*k = 0. Suppose 4*j = -j + 4*d + 53, k = -3*j - 2*d + 23. What is the greatest common divisor of 27 and j?
9
Let m(n) = n**3 - 23*n**2 + 63*n + 4. Let d be m(20). Suppose 8 = 4*w - 4, 3*h - 2*w = 51. Let l = h + -11. What is the greatest common divisor of l and d?
8
Suppose 5*c + 0*c - 20 = 0. Suppose c*g - 103 = 113. Suppose 4*w = 2*w + g. What is the highest common factor of w and 3?
3
Let k(d) = -d**2 - 42*d + 77. Let b be k(-19). Suppose -b - 134 = -9*p. What is the highest common divisor of p and 36?
36
Suppose -4*q + 2*p = -11 - 51, 2*q - 35 = 5*p. Let y = -46 + 48. Let m be (-7)/(35/y) + (-77)/(-5). What is the greatest common divisor of m and q?
15
Let d(u) = u**3 + u**2 - u + 17. Let q = -3 + 3. Let y be d(q). Calculate the greatest common divisor of y and 34.
17
Suppose 280 = -976*n + 981*n. Let j(u) = 6*u**2 - u. Let k be j(-1). What is the highest common divisor of k and n?
7
Let z(g) = -34*g**3 + g**2 - g + 1. Let w be z(1). Let y = w + 51. Suppose 6*a = 4*a + y. Calculate the highest common factor of a and 99.
9
Suppose -q + 24 = -5*q. Let n = 7 + q. Let x be (7/(-28))/(n/(-8)). Calculate the highest common factor of x and 3.
1
Let p(o) = o**3 + 6*o**2 - 11*o - 18. Let h be p(-6). Let z(i) = -71*i**3 + i**2 + i + 1. Let l be z(-1). Calculate the greatest common divisor of h and l.
24
Let j(i) = 2067*i. Let d(n) = -94*n. Let g(o) = 130*d(o) + 6*j(o). Let u be g(1). What is the greatest common factor of u and 26?
26
Let w = 20 + -20. Let u(x) = -x**3 - x**2 - 2. Let z be u(w). Let o be (-4 - -18) + 6/z. What is the highest common divisor of 99 and o?
11
Suppose -1 = -2*g + 1. Let p = 710 - 699. Calculate the greatest common divisor of g and p.
1
Suppose 2*j - 7 = -4*c + 9, c = j + 4. Suppose 84 + 324 = c*s. Calculate the greatest common divisor of 6 and s.
6
Let f(s) = -s**3 - 15*s**2 - 32*s - 3. Let a be f(-13). What is the highest common factor of a and 150?
75
Let i(k) = -k**2 - 21*k - 18. Let f be i(-10). What is the highest common factor of 69 and f?
23
Suppose 0 = 103*n + 4*n - 4173. Calculate the highest common divisor of 15 and n.
3
Let o = 68 + -67. Let l be 10 - (o - (4 - 1)). What is the highest common divisor of 48 and l?
12
Let x be ((-2)/(-4) + 2)/((-220)/(-1584)). Suppose i - 4*d - 12 = 0, -5*i + 5*d + 27 = -78. Calculate the greatest common divisor of x and i.
6
Suppose 4*y - 7*y + 4*g + 412 = 0, y + 2*g = 124. What is the greatest common factor of 165 and y?
33
Suppose -23*m = 11*m - 1870. Calculate the highest common factor of m and 99.
11
Supp